3*d - m = 5*d, 897 = 4*u + d. Calculate the greatest common divisor of u and 18.
9
Let j = 81 - 81. Suppose -x + 5*u + 65 = j, 0 = 5*x + u - 2 - 271. What is the highest common divisor of x and 11?
11
Suppose 0 = 1684*t - 1698*t + 7280. Calculate the greatest common factor of 10 and t.
10
Suppose -31*y + 1909 = -1231 + 536. Let w(c) = 4*c**2 - 7*c + 6. Let a be w(4). What is the greatest common divisor of a and y?
42
Let l(j) = j**3 + 21*j**2 - 228*j - 4323. Let m be l(-19). What is the greatest common factor of m and 215?
43
Let y(g) = 12*g**2 + 41*g - 42. Let m be y(-6). What is the greatest common divisor of m and 1392?
48
Suppose 23*d - 29514 = 1352. Calculate the highest common divisor of d and 976.
122
Let r = 21716 + -20212. What is the greatest common factor of 640 and r?
32
Let f(r) be the second derivative of -13*r + 1/2*r**2 + 1/12*r**4 + 0 + 1/3*r**3 - 1/20*r**5. Let m be f(-2). What is the greatest common factor of 36 and m?
9
Let o(p) = p**2 - 14*p + 5. Let a be o(15). Suppose -n + h + 28 = 0, n = 6*n - 4*h - 137. Calculate the highest common divisor of a and n.
5
Let m be 8645/10 - 1 - (-20)/(-8). What is the greatest common divisor of m and 105?
21
Suppose -166 = -4*g + v - 16, -3*g = -v - 112. Suppose -36*o - 60 = -g*o. Suppose o = 4*q + 2*q. Calculate the highest common divisor of 35 and q.
5
Suppose -5626*m - 720 = -5641*m. What is the greatest common factor of m and 27?
3
Let i = -3583 - -3625. Calculate the greatest common factor of 69 and i.
3
Let j = -2118 - -2370. Calculate the highest common factor of j and 819.
63
Suppose 4*i = 4*k + 348, -163 + 179 = 2*k. Calculate the highest common divisor of i and 235.
5
Let y be (-115)/69 + 53/3. Suppose -4*g + 416 = -0*g. What is the greatest common divisor of y and g?
8
Suppose 3*r = -5*m + 7, m = -5*r - 0*m + 19. Suppose 4*o = r*w - 556, 2*o = 3*w - 3*o - 415. Let d = w + -106. What is the highest common factor of d and 34?
34
Let r be 10920/(-336)*44/(-5). What is the highest common divisor of r and 1342?
22
Let z = -364 + 414. Suppose 49*c = z*c - 140. What is the highest common factor of c and 70?
70
Let m be (-6 - (-3025)/(-20))*(3 + -27). What is the greatest common factor of m and 102?
102
Let t = 978 - 530. Suppose 0 = -75*p + 68*p + t. What is the highest common factor of 448 and p?
64
Let h(f) = -356*f + 5637. Let j be h(15). Calculate the highest common divisor of j and 10791.
99
Let t = 334 - 307. Suppose t*v - 56 = 268. What is the greatest common factor of 30 and v?
6
Suppose 5*a = -2*n + 1187, 3*a - 504 - 210 = -3*n. What is the highest common divisor of a and 2528?
79
Let i = 90 + 1986. What is the greatest common divisor of i and 24?
12
Let p(g) = -3*g - 44. Let i be p(-15). Let u be i + 1 + 121 + 3. Let z = u + -75. What is the highest common factor of z and 85?
17
Suppose 0 = -4*a + 5 - 1. Suppose -2*g = -39 + a. Suppose -76 = -4*y - 2*n, -y = -3*n - 17 - 2. Calculate the greatest common divisor of g and y.
19
Let p be 11 + -3 + (2 - 7). Suppose -492 + 81 = -3*j - p*c, 3*c = 4*j - 555. Calculate the highest common factor of j and 12.
6
Let i(r) = 3*r**2 - 47. Let x(o) = o**2 - 4*o - 6. Let u be x(6). Let q be i(u). What is the greatest common divisor of q and 183?
61
Let a = 117 + -111. Let q = 22 - 16. Suppose -2*g + q = -a. Calculate the greatest common divisor of g and 66.
6
Let j = 185 - 68. Let g = j - 166. Let x = g - -79. What is the greatest common factor of x and 15?
15
Suppose 0 = 6*d - 5*d - 55. Let b be (109/d + (-6)/33)*15. Suppose -2*u - 1 = -b. Calculate the greatest common divisor of u and 52.
13
Let d = -1743 - -2733. Suppose 122*g - 104*g = d. What is the greatest common divisor of 15 and g?
5
Suppose 3*g + 5*j - 139 = -1, -g - 5*j = -26. Calculate the greatest common divisor of g and 1099.
7
Suppose 21*b = 1098 + 1212. Suppose -3*v = -7*v + 2*t + 128, 12 = -3*t. Suppose -a = 2*a - v. What is the highest common factor of b and a?
10
Suppose 18*k - 33*k + 480 = 0. Let p be (-3)/(6/k*-4). Calculate the greatest common divisor of p and 80.
4
Suppose -2*r - 3*r = -2524 - 326. Calculate the highest common divisor of 20 and r.
10
Let q(s) = 41*s**2 + 172*s - 1102. Let w be q(6). Calculate the highest common factor of 74 and w.
74
Suppose 4*l = -30 + 42. Suppose -u = -4*x - 152, 11*u - 6*u - 645 = -l*x. Calculate the greatest common factor of u and 12.
12
Let i(o) = -10*o. Let x be i(-4). Let h be 31 + 15 + -92 + 82. What is the greatest common factor of x and h?
4
Suppose -2*j - b + 6788 = 0, 15*j - 17*j - 5*b + 6764 = 0. What is the highest common divisor of j and 43?
43
Suppose -a + 3*q = -125, 0 = -3*a - 5*q + 474 - 113. Let n = 38 - 80. Let m = a + n. Calculate the greatest common factor of 10 and m.
10
Let m be 331/13 - ((-1152)/208 + 6). Calculate the greatest common divisor of m and 955.
5
Let m = -139 + 187. Let k be ((-96)/(-14))/((m/(-63))/(-8)). Let z = -7 + 15. Calculate the highest common divisor of k and z.
8
Let z = 11994 - 4013. Calculate the greatest common divisor of z and 92.
23
Let b = 290 - 302. Let f be (-64)/(-6)*(-18)/b. Calculate the highest common divisor of 304 and f.
16
Let h(f) = -53*f - 2005. Let k be h(-39). Let y(w) = 7*w**2 - w + 1. Let b be y(-2). What is the highest common factor of b and k?
31
Let n be 2/((4 - 3)/39). Suppose 0 = -0*r + 6*r - n. Let q be (-3867)/(-27) + 6/(-27). Calculate the highest common factor of q and r.
13
Suppose -4*o - 12 = 0, 2881 + 122 = 5*h - o. Calculate the highest common factor of h and 975.
75
Let z(v) = 7*v**2 + 2*v - 53. Let p be z(-8). Let c = p + -313. What is the greatest common factor of c and 44?
22
Let o(m) be the second derivative of 3/2*m**2 + 1/3*m**4 - 1/2*m**3 + 0 + 47*m. Let y be o(4). Calculate the highest common divisor of 11 and y.
11
Let b(q) = 5*q**3 - 2*q**2 + 1. Let z be b(1). Suppose 2*r - z - 12 = 0. Suppose 5*c - r*c = -54. Calculate the greatest common divisor of c and 54.
18
Suppose -21910*z + 21937*z = 1485. What is the highest common factor of 1639 and z?
11
Suppose 0 = 1913*z - 1929*z + 67792. What is the highest common factor of z and 76?
19
Let w = -216 - -557. Let p = w + -117. What is the highest common divisor of 14 and p?
14
Let k be ((-66)/5)/(-8 - (618/600 - 9)). Calculate the greatest common divisor of 170 and k.
10
Let v be -26*102/36*-3. Let h = 239 - v. Calculate the greatest common divisor of h and 72.
18
Let x(z) = 16*z - 1104. Let t be x(78). What is the greatest common factor of t and 135?
9
Let d be (5/15)/(((-12)/(-18))/2). Suppose 0 = -4*x + 5*x - 13. What is the highest common factor of x and d?
1
Suppose -57*p + 2840 = -17*p. Let w(u) = 16*u - 189. Let z be w(34). What is the greatest common divisor of p and z?
71
Let k = -134 + 323. Let m = 596 - 759. Let i = k - m. Calculate the greatest common divisor of 32 and i.
32
Let c be 1321815/429 - (-2)/(-13). What is the highest common divisor of 39 and c?
39
Let j be 1 - -178 - (-7 + -1 - -8). Let k = -149 + j. Calculate the greatest common factor of k and 15.
15
Let d be 6/27 - (-104)/18. Let l = 2399 + -2342. Calculate the highest common factor of d and l.
3
Suppose 17*y - 630 = 7*y. Let g(u) = -u**3 - 8*u**2 + 14*u - 18. Let i be g(-10). What is the greatest common divisor of y and i?
21
Suppose -5*p = -y + 34, -y + 3*p = -p - 32. Let g be (-7052)/(-215)*15/(-2). Let f be (22 - 1)/(g/(-656)). Calculate the greatest common divisor of f and y.
8
Let x(m) = 100*m + 70. Let j(h) = 21*h + 14. Let u(v) = 28*j(v) - 6*x(v). Let k be u(-10). Calculate the greatest common divisor of k and 4.
4
Suppose 0 = 11*s - 16*s + 40. Suppose 47*h - 4025 + 1177 = 1852. Calculate the greatest common divisor of h and s.
4
Let x be ((-3)/(-5))/((-11005)/(-550) - (85 - 65)). What is the greatest common factor of 168 and x?
6
Let k be ((-323)/(-19) - 818)/(3/(-14)). Calculate the greatest common factor of 28 and k.
14
Let b = 10973 + -10888. Calculate the highest common factor of 697 and b.
17
Let k be ((-111)/(-74))/(1/2). Suppose -40 = k*f - 118. Calculate the highest common factor of f and 936.
26
Let h be -28 + (-6710)/(-242) + 798/22. Calculate the greatest common divisor of h and 4044.
12
Let c be (-2 + (-20)/6)*-12. Suppose -5*f = -17 - 33. Suppose 0 = -m + 26 - f. What is the highest common divis